et p(h) be the second derivative of h**4/3 - 2*h**3 + 3*h**2 - 16*h. What is the units digit of p(6)?
8
Suppose 3*i + 0 = 12. What is the units digit of (i - 6) + 26*3 + 2?
8
Let k be 9/6*(-16)/(-6). What is the units digit of 12*k/(-36)*-39?
2
Suppose 2*x = -2*c - 14, 4*c + 0*x - 3*x = 0. Suppose -y = -3*r - 5*y + 35, -2*r - y = -20. Let t = r - c. What is the units digit of t?
2
What is the units digit of ((-88)/32 - -2)*-108?
1
Suppose -71 = -k - 3*x, -k + 4*x + 11 + 32 = 0. Suppose 4*o = 5*b + 200, -b = -o + k - 9. What is the units digit of o?
0
Suppose 0*c - 4*x = -c + 28, -2 = c + 2*x. Let p = -6 + c. Suppose 4*r = p*q - 2, 3*r - 7*q = -2*q - 12. What is the units digit of r?
1
Let m = 20 + -14. Let b be 1/((-9)/m - -2). Suppose -r - 3*j + 17 = 0, 0 = -3*r + b*j - j + 31. What is the units digit of r?
1
Let g = 55 + -132. Let c = -21 - g. What is the tens digit of c?
5
Let z be (-42 - 0)*(-64)/24. Suppose 3*g - 85 = -4*o - 28, -o + z = 5*g. What is the units digit of g?
3
Let b = 255 + -534. Suppose 0 = -4*l + 3*z + 7, 2*l - 2*z - 5 = z. What is the tens digit of b/(-12) + l/(-4)?
2
Suppose 2*o + 15015 = 5*d, -3003 = d - 2*d + 5*o. What is the tens digit of d?
0
Let r(x) = 273*x**2 + 6*x - 10. What is the tens digit of r(3)?
6
Let f(r) be the first derivative of -r**4/4 - 2*r**3 + 4*r**2 + 12*r - 21. What is the units digit of f(-7)?
5
Suppose -3700 - 5640 = -4*a + 4*u, 5*a - 2*u = 11687. What is the units digit of a?
9
Suppose 11*z - 12*z + 241 = 0. What is the units digit of z?
1
Suppose 5*x = -4*g + 2766, g + 2*x = 584 + 109. What is the tens digit of g?
8
Suppose -3*o - 91 = -4*j, 0 = 4*o - o - j + 106. Let s = o + 39. What is the units digit of s?
2
Let w = -1386 - -2560. What is the thousands digit of w?
1
Let q be 18/(-99) + 6642/(-11). What is the tens digit of -2*(q/(-24) + 0)*-3?
5
Suppose v + 2 = -3*f + 14, -2*v = 5*f - 20. Suppose 5*k = 9*k - f. What is the units digit of (-189)/(-36) + k/(-4)?
5
Let w = -11 - -7. Suppose 33 = -2*a + 31. What is the units digit of (a/(-2))/(w/(-136))?
7
Suppose -5 = 3*s + 5*h, -2*h - 3 + 1 = 0. What is the units digit of (4 + s)*(1 + 10)?
4
Let i be (0 + (-3 - -2))*-5. Suppose 4*u = -2*p + 110, i*p + 2*u - 176 = 115. What is the tens digit of p?
5
Let w(t) = 3*t**2 - t - 7. Let b be w(-3). Let r = 3 + b. Suppose k - 9 - r = 0. What is the tens digit of k?
3
Let p(g) = g**3 + 7*g**2 + 7*g + 9. Let l be p(-6). Let t(q) be the third derivative of q**4/8 + 4*q**3/3 + 11*q**2. What is the tens digit of t(l)?
1
Suppose 3*y + 472 - 1700 = t, 2035 = 5*y - 4*t. Let z = y - 135. What is the units digit of z?
6
Suppose -274 = -5*z - 4*o + 750, 616 = 3*z + 4*o. Suppose -4*f + 2*k = -z, 2*k = -0*f - 3*f + 139. What is the units digit of f?
9
Let t(z) = z**2 - 18*z + 5. Let w be t(18). Suppose w*g - 3*k - 587 = 0, -356 = -3*g + k - 3*k. What is the units digit of g?
8
Let z = -151 + 245. Let p = 102 - z. What is the units digit of p?
8
Let m(v) = v**3 - 15*v**2 + 15*v - 10. Let n be m(14). Suppose -n*a + 3*a = -135. What is the units digit of a?
5
Let f(d) = -d**3 + 4*d**2 + d - 11. Let s be f(4). Let r(t) = t**3 + 7*t**2 - 7*t - 5. What is the units digit of r(s)?
4
Suppose 3*z - 774 = -6*a + 8*a, -2*z + a + 515 = 0. What is the tens digit of z?
5
Let v be (-23)/(-6) - (-8)/48. Suppose v*i - 5*i = -55. What is the tens digit of i?
5
Suppose 8*i - 1443 - 11981 = 0. What is the units digit of i?
8
Let t(v) = 24*v + 33. Let k be t(10). Suppose -3*j + 6*j = k. What is the units digit of j?
1
Suppose 3*w - 68 = 52. Let v be (-12)/(-54) - w/18. What is the units digit of 4 - (3 - 2 - v)?
1
Suppose -9 = -l + 2*l - 4*g, l - 5*g = -12. Suppose 0 = 5*n - 4*k - 310, 3*n - 193 = 4*k - l*k. What is the tens digit of n?
6
Let r = 737 - 291. What is the tens digit of r?
4
Let v = 130 + -131. Let a(w) = -263*w - 5. What is the hundreds digit of a(v)?
2
Let x(b) = 5*b + 22. Let m be x(-10). Let r = m + 35. Suppose -4*y - 5*s + 30 = r, 0 = 2*s + 2. What is the units digit of y?
7
Let n(d) = 2*d**2 + 7*d - 4. Let h be (27 - 21)/(6/4). Let w be n(h). Suppose -3*f = -5*y + 247, 2*y = 4*f + w + 40. What is the units digit of y?
0
What is the hundreds digit of 5/(-1) - (-975)/3?
3
Let c(a) = a**3 - 4*a**2 - 5*a + 1. Suppose 4*r - 2*m + 7 - 31 = 0, -2*m + 30 = 5*r. What is the tens digit of c(r)?
4
Suppose -2*m = 3*y - 906, -5*y + m + 3*m = -1488. What is the units digit of y?
0
Suppose 3*l - k - 14 = 0, 0 = -2*l + l - 4*k - 4. What is the tens digit of (14/l)/((-9)/(-126))?
4
What is the hundreds digit of 607 + (6/14 - (-64)/14)?
6
Let x = -21 + 38. Let u(z) = 4*z - 10. What is the units digit of u(x)?
8
Let r = 154 - 99. Suppose -4*z = 7 - r. What is the tens digit of z?
1
Suppose -3*w - 4 = -13. Suppose w*l = -2*c + 17, c + 4*l - 23 = -2*c. What is the units digit of (-1)/((1/(-67))/c)?
7
Let q(a) be the third derivative of -a**6/120 + 2*a**5/15 + 11*a**4/24 - 2*a**3/3 + 118*a**2. Let p = 1 - -8. What is the units digit of q(p)?
4
Suppose -3*y - y = 0. Suppose -3*f + 7*f = 28. Suppose y = -2*v + f*v - 80. What is the tens digit of v?
1
Let w be -1*4*(63/4 - 1). Let t = w + 116. What is the tens digit of t?
5
Let c(g) = g**3 + 7*g**2 + 5*g - 4. Let f be c(-6). Let u be 0/((-4)/(f + 0)). Suppose u = 2*q - 13 - 5. What is the units digit of q?
9
Let j(l) be the third derivative of -3*l**4/8 + 35*l**3/6 + 5*l**2. What is the units digit of j(-6)?
9
Suppose -6*z = -2450 - 142. What is the hundreds digit of z?
4
What is the units digit of ((-45)/36)/((-14961)/(-14964) - 1)?
5
Let t be 587/(-9) - (-4)/18. Let x be (0 - -2)*156/(-8). Let o = x - t. What is the units digit of o?
6
Let g = 14 - 10. Suppose 0*m + 4*n = m, -4*n = -4. Suppose 0 = 5*i - 5*u - m - 1, 3*i + g*u = 31. What is the units digit of i?
5
Suppose -j + 250 = -6*j. Let m = j - -99. What is the units digit of m?
9
Suppose 0 = -9*k + 181 + 2852. What is the tens digit of k?
3
Suppose -6*w + 7*w - 355 = 4*h, -w - 3*h + 362 = 0. What is the tens digit of w?
5
Suppose -4*n - 3 = -g - n, -4*n = 3*g + 17. What is the tens digit of -3 - (-6)/g - -32?
2
Suppose o = -6 + 2. Let z be 1/o + 76/(-16). Let p = z - -8. What is the units digit of p?
3
What is the units digit of ((-2)/(-2) - -4)/((-17)/(-6239))?
5
Let y = 871 - 548. What is the hundreds digit of y?
3
What is the tens digit of 20*(-5 - -7)/(20/416)?
3
What is the hundreds digit of -1198*1/(-2) + 2?
6
Let s be (-2)/5 - (-11435)/25. Suppose d = -4*r + 3*r + 155, -5*d = -3*r + s. Let x = -107 + r. What is the units digit of x?
7
Let v = -1269 - -1680. What is the units digit of v?
1
Let v(d) = 10*d**2 + 5*d + 10. Let a be v(5). Suppose 4*g - a = -109. What is the tens digit of g?
4
Suppose -2*t - 15 = -7*t. Let j(q) = 3*q - 7*q + t*q - 10 + 3*q. What is the units digit of j(10)?
0
Let y be 1/(4 - 28/8). Suppose -3*a + y*x + 18 = 0, 0 = 3*x - 2*x. Let h = a + 10. What is the tens digit of h?
1
Let a(c) be the third derivative of -c**6/120 - 3*c**5/20 - c**4/4 + c**3/3 + 2*c**2. Let b be a(-9). Suppose b + 179 = 5*q. What is the tens digit of q?
4
Let v(r) = -5 + 9*r + 0 + 3. Let m be (10/(-20))/(5/6 - 1). What is the units digit of v(m)?
5
Suppose -28*b = -37*b - 819. What is the units digit of (5 - 4) + -5 - b?
7
Let p = 831 - 99. What is the units digit of p?
2
Suppose 0 = -13*l + 2127 + 18. What is the units digit of l?
5
Let z(k) = 1354*k**2 + 35*k + 35. What is the thousands digit of z(-1)?
1
Let w(v) be the second derivative of v**5/20 + v**4 + v**3 + 3*v**2/2 + 4*v. What is the tens digit of w(-11)?
5
Let k be (-208 - 2)/(6/(-20)). What is the tens digit of (-18)/(-162) - k/(-18)?
3
Let v be (27/18)/(1/(-2)). Let b = 0 - v. Suppose -3*s + 11 = j, -4*j + 23 = -b*s - 36. What is the tens digit of j?
1
Suppose -l = -2*h, -3*l = -2*h - 0*h. Suppose 10*n - 2 = 12*n. What is the tens digit of l/n + -10 + 43?
3
Let l(s) = 24*s - 5. What is the tens digit of l(1)?
1
Suppose -4*b + 26*a + 4431 = 27*a, -2*a = -b + 1101. What is the units digit of b?
7
Let y(s) = s**3 + 2*s**2 - 3*s + 2. Suppose x - 17 = 3*u - x, 21 = -3*u + 3*x. What is the units digit of y(u)?
2
Suppose -3*s - 5*x = -1390, 6 = 7*x - 4*x. Let n = -306 + s. What is the units digit of n?
4
Let k = 7511 - 4916. What is the tens digit of k?
9
Let c be 30/(